 remainder when (23 + m)*(-2)/(-2) is divided by 14?
12
Let u be 23/5 - (-6)/(-10). Calculate the remainder when 15 is divided by 2*u + (-1 - -1).
7
Calculate the remainder when 6/(-2)*75/(-9) is divided by 9.
7
Let n be (12 + -41)*(-1 + 0). Suppose 0 = 3*w - 2*y - 0*y - n, y = 5*w - 46. Calculate the remainder when w is divided by 6.
3
Suppose 0 = -5*a + a + 156. Calculate the remainder when a is divided by 10.
9
Let d be 12*16/6 + -2. Suppose 5*x - 30 - d = 0. What is the remainder when 35 is divided by x?
11
Suppose 5*s + 4*l = 26, -3*l + 9 = 3*s - s. Calculate the remainder when 23 is divided by s.
5
Suppose -4*w = 4*v - 0 + 8, -5*w - 1 = 2*v. Let r = -1 + w. What is the remainder when 1/(-1) - r - -36 is divided by 12?
11
Let j(y) = y**3 + y**2 - y + 84. Calculate the remainder when j(0) is divided by 17.
16
Let y = -12 + 14. Calculate the remainder when 6 is divided by y.
0
What is the remainder when 17 is divided by 1/(-5) - (-306)/30?
7
Let i(z) = -z**3 + 8*z**2 + 2*z + 2. Let o = 140 + 16. Suppose -4*c + c = -o. What is the remainder when c is divided by i(8)?
16
Let k = 22 - 12. Let c be 0*((-2)/4)/1. What is the remainder when 46 is divided by k + 6/(3 + c)?
10
Let i(p) = 2*p + 46. Calculate the remainder when 26 is divided by i(-20).
2
Calculate the remainder when (-1 + -9)/((-18)/81) is divided by 16.
13
Let d(m) = -3*m - 3. Let u = -5 - -2. Let s(y) = -11*y**3 + 2*y + 1. What is the remainder when s(-1) is divided by d(u)?
4
Suppose -3*n = -7*n + 68. Suppose -48 = 3*s + 33. What is the remainder when n is divided by 18/s + (-58)/(-6)?
8
Suppose 142 - 16 = 6*z. Let o be (0/4)/(1*2). What is the remainder when z is divided by 6 + (1 - (1 - o))?
3
Suppose -i = -2*i + 16. Suppose -4*w = -z - z - 20, 4*w + z = 26. Let j = w + 0. Calculate the remainder when i is divided by j.
4
Suppose -7*w + 220 = -2*w. Let g = -3 + 18. Suppose 0 = -2*q + g + 15. What is the remainder when w is divided by q?
14
Let h = -499 - -227. Let o be h/(-44) + 2/(-11). What is the remainder when 22 is divided by (1 + o/10)*5?
6
Suppose -s + 15 = -9. What is the remainder when 93 is divided by s?
21
Suppose 25 = 5*g, -22 = -4*k - 4*g + 30. Calculate the remainder when 25 - (-9 - 0)/3 is divided by k.
4
Suppose 3 = -y - 5*q - 0, 5 = y + q. Let s(n) = -2*n + 2. What is the remainder when s(-5) is divided by y?
5
Suppose -28 = -4*q - 4. Suppose -4*x + 2*s = 10, -q*x + 5*x + s = 0. Let y(o) = -o - 3. What is the remainder when y(x) is divided by 2?
0
Let g(o) = -2 + 17*o - 19*o + 9*o. Let p = 0 + 2. Calculate the remainder when 23 is divided by g(p).
11
Let o(r) = -2*r**3 - 2*r**2 + 2*r. Suppose -3*p + 1 = 7. Calculate the remainder when 10 is divided by o(p).
2
Let n = -6 - -6. Suppose k + k + 54 = n. What is the remainder when 16 is divided by k/12*1*-4?
7
Let y(c) = 6*c**2 + 4. Suppose 5*n + 3*a = 3, 3*a + 4 = 2*a. What is the remainder when y(n) is divided by 30?
28
Let q = -25 + 29. Suppose -q = 3*n - 43. Calculate the remainder when 23 is divided by n.
10
Suppose -2*w + 0*r + 4*r = -52, -2*w = -3*r - 49. Calculate the remainder when w is divided by 13.
7
What is the remainder when (106/4)/(-2 + 72/32) is divided by 9?
7
Suppose k = -4*x - k + 88, -2*x + 36 = -3*k. Calculate the remainder when 60 is divided by x.
18
Suppose -4*d + 79 = 3*x, x + 7 - 4 = 0. Calculate the remainder when 64 is divided by d.
20
Suppose 0 = 12*f - 107 - 97. Let n(l) = -11*l**3 - l**2 + l + 1. Calculate the remainder when f is divided by n(-1).
7
Let n(q) = -21*q - 7. Let x(l) = 32*l + 10. Let a(m) = -7*n(m) - 5*x(m). Let s be 2*2/12*-3. Calculate the remainder when 23 is divided by a(s).
11
Let b be (-4)/(-8)*(1 - -5). Suppose x - 38 - 30 = -3*l, -5*x + 76 = b*l. Calculate the remainder when l is divided by 8.
6
Suppose -3*v = v + 5*s - 116, -2*s = v - 26. Calculate the remainder when v is divided by (1 + (-11)/5)/(2/(-30)).
16
Suppose 0*t = 2*t - 10. Suppose -t*a - 7*p = -2*p, 2*p = -4*a + 4. Calculate the remainder when (1/3)/(2/12) is divided by a.
0
Let o = -4 - -19. Let n(l) = l**3 - 4*l**2 + 3*l + 4. Calculate the remainder when n(5) is divided by o.
14
Let x(i) = -i**2 + 8*i + 2. Calculate the remainder when 33 is divided by x(7).
6
Suppose -d = x + 3*x - 65, -3*x + 3 = 0. Let u = -36 + d. What is the remainder when u is divided by ((-3)/6)/(2/(-36))?
7
Let y(d) = -d**2 - 10*d - 4. Let h = 5 - 14. What is the remainder when y(h) is divided by -4*(6/(-4) - -1)?
1
Suppose -2*y - 68 = -f, -2*f + 141 = -y - 2*y. Let i = -55 + f. What is the remainder when i is divided by 9?
5
Suppose 5*p = -5*h + 140, -2*p - 15 + 5 = 0. What is the remainder when h is divided by 18?
15
Let p = 60 + -54. What is the remainder when p is divided by 1?
0
Suppose -2*i + 2 = -10. Let w be (2 - 1)*(-15)/(-1). Suppose -2*l + w = -7. Calculate the remainder when l is divided by i.
5
Suppose c + 122 = s, 3*s + 2*s = 3*c + 618. Suppose -4*x = -22 - s. What is the remainder when x is divided by 13?
11
Let s = -18 + 26. Let o(h) = h**2 - 7*h - 2. Let a = 17 - 1. What is the remainder when a is divided by o(s)?
4
Let t(y) = -y**3 - 5*y**2 - 6*y. What is the remainder when 30 is divided by t(-4)?
6
Suppose 3*v + 21 = -4*b, -v + 3*b + 12 = -2*v. Let q be 6 + -3 + -6 - -24. Let t = q - v. What is the remainder when t is divided by 13?
11
Suppose 4*b + 2 = 34. Let r = 28 - -35. Suppose 0 = -5*u + 7 + r. Calculate the remainder when u is divided by b.
6
Let r = 9 - -28. Calculate the remainder when r is divided by 13.
11
Let l = 120 + -19. What is the remainder when l is divided by 26?
23
Suppose -5*x = -10 - 0. Suppose -x*t = -t. Suppose -5*l - 80 = -5*r, -r + t + 10 = 5*l. Calculate the remainder when 44 is divided by r.
14
Suppose 3*n + 0*n = 24. Suppose -4*u - 5*g + 3*g = -86, u = -2*g + 23. What is the remainder when u is divided by n?
5
Let l(a) = -a + 13. Let n be (2 - (-1)/3)*18. Let o = n - 26. What is the remainder when o is divided by l(7)?
4
Let g be -1*(-1)/((-2 - 1)/(-3)). Let l = -3 + 2. Calculate the remainder when (6 + -23)*l*g is divided by 9.
8
Suppose -v - 4*v = -3*d + 47, -v = 5*d - 41. Suppose 2*f + c = 39, c + 2*c = -d. What is the remainder when f is divided by 6?
3
Suppose -4*o - 5*d = -181, 7*o - 4*d - 257 = 2*o. Suppose -8 = -3*u + 43. What is the remainder when o is divided by u?
15
Let w be 1/(-1 - 60/(-62)). Let n = 43 + w. What is the remainder when n is divided by (0 + 1)/(2/14)?
5
Suppose -12 = -f + 10. Calculate the remainder when 87 is divided by f.
21
Let j(l) = l**3 - 8*l**2 + 12*l + 7. Calculate the remainder when 146 is divided by j(6).
6
Let x(b) = b**2 + 7*b + 3. Let c be x(-6). Let i(f) = -f**3 - 2*f**2 - 3*f - 2. What is the remainder when i(c) is divided by 9?
7
Let f(t) = t**3 - 5*t**2 - 6*t + 3. Let v be f(6). Suppose -5*y + 2 - 7 = 0. Let l = y + v. What is the remainder when l is divided by 2?
0
Let r(i) = -6*i + 0 + 0 + 1 - 5. Calculate the remainder when 58 is divided by r(-4).
18
Let c(y) = -y**3 + 2*y**2 + 4*y - 1. Let n be c(3). Suppose 4*r + 2*f = -0*f + 38, -r + 17 = n*f. What is the remainder when 13 is divided by r?
6
Let b(y) = -48*y - 5. Calculate the remainder when b(-1) is divided by 16.
11
Let z(s) = -2*s**3 - 2*s**2 - 3*s - 5. Calculate the remainder when 19 is divided by z(-2).
1
Let g be 915/10 + 6/(-4). Suppose 2*f + 16 = g. Calculate the remainder when f is divided by 13.
11
Suppose -2*i = -z + 20, 4*z - 4 = -2*i + 26. What is the remainder when 20 - (2 + (2 - 2)) is divided by z?
8
Let b = 106 - 28. Calculate the remainder when b is divided by 27.
24
Suppose 0*f + 3*g + 2 = f, 3*g + 13 = 2*f. Calculate the remainder when 9/(-6)*164/(-6) is divided by f.
8
Let b(u) = u**2 + 12*u + 3. Suppose 0 = -h, 0 = -3*n + 2*h + 2*h - 24. Let s be b(n). Let v = s - -40. What is the remainder when v is divided by 6?
5
Let a be 2/(-8) + (-13)/(-4). Suppose 0 = a*d - 5 - 37. Suppose -5*z + d = -81. Calculate the remainder when z is divided by 10.
9
Suppose -3*h + 4*g = g - 132, 219 = 5*h - 4*g. What is the remainder when h is divided by 24?
19
Suppose -2*x + 48 = 4*h - 0*h, -3*x + 3*h + 54 = 0. Suppose -9*c = -11*c + x. Suppose -5*t - 1 = -21. What is the remainder when c is divided by t?
2
Suppose -o = 2*o - 39. Suppose o = 5*c - 2. Suppose c*p = 4 + 5. Calcu